{"id":45,"date":"2024-08-27T21:49:16","date_gmt":"2024-08-28T00:49:16","guid":{"rendered":"https:\/\/novoctds.cavg.ifsul.edu.br\/?page_id=45"},"modified":"2024-08-27T22:43:57","modified_gmt":"2024-08-28T01:43:57","slug":"docentes","status":"publish","type":"page","link":"https:\/\/ctds.cavg.ifsul.edu.br\/index.php\/docentes\/","title":{"rendered":"Docentes"},"content":{"rendered":"\n<details class=\"wp-block-details is-layout-flow wp-block-details-is-layout-flow\"><summary>Andr\u00e9ia Sias Rodrigues<\/summary>\n<div style=\"height:19px\" aria-hidden=\"true\" class=\"wp-block-spacer\"><\/div>\n\n\n\n<p><small>Doutorado em Ci\u00eancia da Computa\u00e7\u00e3o (UFPEL, 2019)<\/small><\/p>\n\n\n\n<p><a href=\"http:\/\/lattes.cnpq.br\/5562448231627304\" target=\"_blank\" rel=\"noreferrer noopener\">Lattes<\/a><\/p>\n<\/details>\n\n\n\n<div style=\"height:20px\" aria-hidden=\"true\" class=\"wp-block-spacer\"><\/div>\n\n\n\n<details class=\"wp-block-details is-layout-flow wp-block-details-is-layout-flow\"><summary>Andr\u00e9ia Orsato<\/summary>\n<div style=\"height:19px\" aria-hidden=\"true\" class=\"wp-block-spacer\"><\/div>\n\n\n\n<p><small>Doutorado em Ci\u00eancia Pol\u00edtica (UFRGS, 2013)<\/small><\/p>\n\n\n\n<p><a href=\"http:\/\/lattes.cnpq.br\/7444503819097906\" target=\"_blank\" rel=\"noreferrer noopener\">Lattes<\/a><\/p>\n<\/details>\n\n\n\n<div style=\"height:20px\" aria-hidden=\"true\" class=\"wp-block-spacer\"><\/div>\n\n\n\n<details class=\"wp-block-details is-layout-flow wp-block-details-is-layout-flow\"><summary>Ant\u00f4nio Cardoso Oliveira<\/summary>\n<div style=\"height:19px\" aria-hidden=\"true\" class=\"wp-block-spacer\"><\/div>\n\n\n\n<p><small>Doutorado em Educa\u00e7\u00e3o (UFPel, 2018)<\/small><\/p>\n\n\n\n<p><a href=\"http:\/\/lattes.cnpq.br\/0494289314970826\" target=\"_blank\" rel=\"noreferrer noopener\">Lattes<\/a><\/p>\n<\/details>\n\n\n\n<div style=\"height:20px\" aria-hidden=\"true\" class=\"wp-block-spacer\"><\/div>\n\n\n\n<details class=\"wp-block-details is-layout-flow wp-block-details-is-layout-flow\"><summary>Cristiane Silveira dos Santos<\/summary>\n<div style=\"height:19px\" aria-hidden=\"true\" class=\"wp-block-spacer\"><\/div>\n\n\n\n<p><small>Doutorado em Educa\u00e7\u00e3o (UFPel, 2015)<\/small><\/p>\n\n\n\n<p><a href=\"http:\/\/lattes.cnpq.br\/1876142776236602\" target=\"_blank\" rel=\"noreferrer noopener\">Lattes<\/a><\/p>\n<\/details>\n\n\n\n<div style=\"height:20px\" aria-hidden=\"true\" class=\"wp-block-spacer\"><\/div>\n\n\n\n<details class=\"wp-block-details is-layout-flow wp-block-details-is-layout-flow\"><summary>Fernando Augusto Treptow Brod<\/summary>\n<div style=\"height:19px\" aria-hidden=\"true\" class=\"wp-block-spacer\"><\/div>\n\n\n\n<p><small>Doutorado em Educa\u00e7\u00e3o em Ci\u00eancias (FURG, 2014)<\/small><\/p>\n\n\n\n<p><a href=\"http:\/\/lattes.cnpq.br\/1957913333123871\" target=\"_blank\" rel=\"noreferrer noopener\">Lattes<\/a><\/p>\n<\/details>\n\n\n\n<div style=\"height:20px\" aria-hidden=\"true\" class=\"wp-block-spacer\"><\/div>\n\n\n\n<details class=\"wp-block-details is-layout-flow wp-block-details-is-layout-flow\"><summary>Jo\u00e3o Ladislau Barbar\u00e1 Lopes<\/summary>\n<div style=\"height:19px\" aria-hidden=\"true\" class=\"wp-block-spacer\"><\/div>\n\n\n\n<p><small>Doutorado em Ci\u00eancia da Computa\u00e7\u00e3o (UFRGS, 2016)<\/small><div><span style=\"font-size: 12.8px; color: rgb(33, 37, 41); font-family: -apple-system, BlinkMacSystemFont, &quot;Segoe UI&quot;, Roboto, &quot;Helvetica Neue&quot;, Arial, sans-serif, &quot;Apple Color Emoji&quot;, &quot;Segoe UI Emoji&quot;, &quot;Segoe UI Symbol&quot;, &quot;Noto Color Emoji&quot;; text-align: center; white-space-collapse: collapse;\"><\/span><\/div><\/p>\n\n\n\n<p><a href=\"http:\/\/lattes.cnpq.br\/3104254061056346\" target=\"_blank\" rel=\"noreferrer noopener\">Lattes<\/a><\/p>\n<\/details>\n\n\n\n<div style=\"height:20px\" aria-hidden=\"true\" class=\"wp-block-spacer\"><\/div>\n\n\n\n<details class=\"wp-block-details is-layout-flow wp-block-details-is-layout-flow\"><summary>Lydia Tessmann M\u00fclling<\/summary>\n<div style=\"height:19px\" aria-hidden=\"true\" class=\"wp-block-spacer\"><\/div>\n\n\n\n<p><small>Mestrado em Letras (UCPel, 2007)<\/small><div><span style=\"font-size: 12.8px; color: rgb(33, 37, 41); font-family: -apple-system, BlinkMacSystemFont, &quot;Segoe UI&quot;, Roboto, &quot;Helvetica Neue&quot;, Arial, sans-serif, &quot;Apple Color Emoji&quot;, &quot;Segoe UI Emoji&quot;, &quot;Segoe UI Symbol&quot;, &quot;Noto Color Emoji&quot;; text-align: center; white-space-collapse: collapse;\"><\/span><\/div><\/p>\n\n\n\n<p><a href=\"http:\/\/lattes.cnpq.br\/6423632446142403\" target=\"_blank\" rel=\"noreferrer noopener\">Lattes<\/a><\/p>\n<\/details>\n\n\n\n<div style=\"height:20px\" aria-hidden=\"true\" class=\"wp-block-spacer\"><\/div>\n\n\n\n<details class=\"wp-block-details is-layout-flow wp-block-details-is-layout-flow\"><summary>Maria Isabel Giusti Moreira<\/summary>\n<div style=\"height:19px\" aria-hidden=\"true\" class=\"wp-block-spacer\"><\/div>\n\n\n\n<p><small>Doutorado em Ci\u00eancia da Computa\u00e7\u00e3o (UFRGS, 2017)<\/small><div><span style=\"font-size: 12.8px; color: rgb(33, 37, 41); font-family: -apple-system, BlinkMacSystemFont, &quot;Segoe UI&quot;, Roboto, &quot;Helvetica Neue&quot;, Arial, sans-serif, &quot;Apple Color Emoji&quot;, &quot;Segoe UI Emoji&quot;, &quot;Segoe UI Symbol&quot;, &quot;Noto Color Emoji&quot;; text-align: center; white-space-collapse: collapse;\"><\/span><\/div><\/p>\n\n\n\n<p><a href=\"http:\/\/lattes.cnpq.br\/2597712086995563\" target=\"_blank\" rel=\"noreferrer noopener\">Lattes<\/a><\/p>\n<\/details>\n\n\n\n<div style=\"height:20px\" aria-hidden=\"true\" class=\"wp-block-spacer\"><\/div>\n\n\n\n<details class=\"wp-block-details is-layout-flow wp-block-details-is-layout-flow\"><summary>Raymundo Carlos Machado Ferreira Filho<\/summary>\n<div style=\"height:19px\" aria-hidden=\"true\" class=\"wp-block-spacer\"><\/div>\n\n\n\n<p><small>Doutorado em Inform\u00e1tica na Educa\u00e7\u00e3o (UFRGS, 2008)<\/small><div><span style=\"font-size: 12.8px; color: rgb(33, 37, 41); font-family: -apple-system, BlinkMacSystemFont, &quot;Segoe UI&quot;, Roboto, &quot;Helvetica Neue&quot;, Arial, sans-serif, &quot;Apple Color Emoji&quot;, &quot;Segoe UI Emoji&quot;, &quot;Segoe UI Symbol&quot;, &quot;Noto Color Emoji&quot;; text-align: center; white-space-collapse: collapse;\"><\/span><\/div><\/p>\n\n\n\n<p><a href=\"http:\/\/lattes.cnpq.br\/1297246206844791\" target=\"_blank\" rel=\"noreferrer noopener\">Lattes<\/a><\/p>\n<\/details>\n\n\n\n<div style=\"height:20px\" aria-hidden=\"true\" class=\"wp-block-spacer\"><\/div>\n\n\n\n<details class=\"wp-block-details is-layout-flow wp-block-details-is-layout-flow\"><summary>Rose Lemos de Pinho<\/summary>\n<div style=\"height:19px\" aria-hidden=\"true\" class=\"wp-block-spacer\"><\/div>\n\n\n\n<p><small>Mestrado em Desenvolvimento Social (UCPel, 2000)<a style=\"box-sizing: border-box; text-decoration-line: none; list-style: none; margin: 0px; padding: 0px; color: rgb(0, 123, 255); background-color: transparent; font-family: -apple-system, BlinkMacSystemFont, &quot;Segoe UI&quot;, Roboto, &quot;Helvetica Neue&quot;, Arial, sans-serif, &quot;Apple Color Emoji&quot;, &quot;Segoe UI Emoji&quot;, &quot;Segoe UI Symbol&quot;, &quot;Noto Color Emoji&quot;; font-size: 16px; text-align: center; white-space-collapse: collapse;\" href=\"http:\/\/lattes.cnpq.br\/7274794917538498\" target=\"_blank\" rel=\"noopener\"><\/a><span style=\"font-size: 12.8px; color: rgb(33, 37, 41); font-family: -apple-system, BlinkMacSystemFont, &quot;Segoe UI&quot;, Roboto, &quot;Helvetica Neue&quot;, Arial, sans-serif, &quot;Apple Color Emoji&quot;, &quot;Segoe UI Emoji&quot;, &quot;Segoe UI Symbol&quot;, &quot;Noto Color Emoji&quot;; text-align: center; white-space-collapse: collapse;\"><\/span><\/small><div><span style=\"font-size: 12.8px; color: rgb(33, 37, 41); font-family: -apple-system, BlinkMacSystemFont, &quot;Segoe UI&quot;, Roboto, &quot;Helvetica Neue&quot;, Arial, sans-serif, &quot;Apple Color Emoji&quot;, &quot;Segoe UI Emoji&quot;, &quot;Segoe UI Symbol&quot;, &quot;Noto Color Emoji&quot;; text-align: center; white-space-collapse: collapse;\"><\/span><\/div><\/p>\n\n\n\n<p><a href=\"http:\/\/lattes.cnpq.br\/7274794917538498\" target=\"_blank\" rel=\"noreferrer noopener\">Lattes<\/a><\/p>\n<\/details>\n\n\n\n<div style=\"height:20px\" aria-hidden=\"true\" class=\"wp-block-spacer\"><\/div>\n\n\n\n<details class=\"wp-block-details is-layout-flow wp-block-details-is-layout-flow\"><summary>Verlani Timm Hinz<\/summary>\n<div style=\"height:19px\" aria-hidden=\"true\" class=\"wp-block-spacer\"><\/div>\n\n\n\n<p><small>Doutorado em Ci\u00eancia da Computa\u00e7\u00e3o (UFRGS, 2018)<a style=\"box-sizing: border-box; text-decoration-line: none; list-style: none; margin: 0px; padding: 0px; color: rgb(0, 123, 255); background-color: transparent; font-family: -apple-system, BlinkMacSystemFont, &quot;Segoe UI&quot;, Roboto, &quot;Helvetica Neue&quot;, Arial, sans-serif, &quot;Apple Color Emoji&quot;, &quot;Segoe UI Emoji&quot;, &quot;Segoe UI Symbol&quot;, &quot;Noto Color Emoji&quot;; font-size: 16px; text-align: center; white-space-collapse: collapse;\" href=\"http:\/\/lattes.cnpq.br\/3732937086275646\" target=\"_blank\" rel=\"noopener\"><\/a><span style=\"font-size: 12.8px; color: rgb(33, 37, 41); font-family: -apple-system, BlinkMacSystemFont, &quot;Segoe UI&quot;, Roboto, &quot;Helvetica Neue&quot;, Arial, sans-serif, &quot;Apple Color Emoji&quot;, &quot;Segoe UI Emoji&quot;, &quot;Segoe UI Symbol&quot;, &quot;Noto Color Emoji&quot;; text-align: center; white-space-collapse: collapse;\"><\/span><\/small><div><span style=\"font-size: 12.8px; color: rgb(33, 37, 41); font-family: -apple-system, BlinkMacSystemFont, &quot;Segoe UI&quot;, Roboto, &quot;Helvetica Neue&quot;, Arial, sans-serif, &quot;Apple Color Emoji&quot;, &quot;Segoe UI Emoji&quot;, &quot;Segoe UI Symbol&quot;, &quot;Noto Color Emoji&quot;; text-align: center; white-space-collapse: collapse;\"><\/span><\/div><\/p>\n\n\n\n<p><a href=\"http:\/\/lattes.cnpq.br\/3732937086275646\" target=\"_blank\" rel=\"noreferrer noopener\">Lattes<\/a><\/p>\n<\/details>\n","protected":false},"excerpt":{"rendered":"","protected":false},"author":1,"featured_media":0,"parent":0,"menu_order":0,"comment_status":"closed","ping_status":"closed","template":"","meta":{"_editorskit_title_hidden":false,"_editorskit_reading_time":0,"_editorskit_is_block_options_detached":false,"_editorskit_block_options_position":"{}","footnotes":""},"folder":[],"class_list":["post-45","page","type-page","status-publish","hentry"],"_links":{"self":[{"href":"https:\/\/ctds.cavg.ifsul.edu.br\/index.php\/wp-json\/wp\/v2\/pages\/45","targetHints":{"allow":["GET"]}}],"collection":[{"href":"https:\/\/ctds.cavg.ifsul.edu.br\/index.php\/wp-json\/wp\/v2\/pages"}],"about":[{"href":"https:\/\/ctds.cavg.ifsul.edu.br\/index.php\/wp-json\/wp\/v2\/types\/page"}],"author":[{"embeddable":true,"href":"https:\/\/ctds.cavg.ifsul.edu.br\/index.php\/wp-json\/wp\/v2\/users\/1"}],"replies":[{"embeddable":true,"href":"https:\/\/ctds.cavg.ifsul.edu.br\/index.php\/wp-json\/wp\/v2\/comments?post=45"}],"version-history":[{"count":11,"href":"https:\/\/ctds.cavg.ifsul.edu.br\/index.php\/wp-json\/wp\/v2\/pages\/45\/revisions"}],"predecessor-version":[{"id":93,"href":"https:\/\/ctds.cavg.ifsul.edu.br\/index.php\/wp-json\/wp\/v2\/pages\/45\/revisions\/93"}],"wp:attachment":[{"href":"https:\/\/ctds.cavg.ifsul.edu.br\/index.php\/wp-json\/wp\/v2\/media?parent=45"}],"wp:term":[{"taxonomy":"folder","embeddable":true,"href":"https:\/\/ctds.cavg.ifsul.edu.br\/index.php\/wp-json\/wp\/v2\/folder?post=45"}],"curies":[{"name":"wp","href":"https:\/\/api.w.org\/{rel}","templated":true}]}}