{"id":211,"date":"2025-03-05T19:38:00","date_gmt":"2025-03-05T22:38:00","guid":{"rendered":"https:\/\/ctds.cavg.ifsul.edu.br\/?page_id=211"},"modified":"2025-03-05T19:56:49","modified_gmt":"2025-03-05T22:56:49","slug":"2024-02","status":"publish","type":"page","link":"https:\/\/ctds.cavg.ifsul.edu.br\/index.php\/2024-02\/","title":{"rendered":"2024\/02"},"content":{"rendered":"\n<p class=\"has-large-font-size\"><strong>2024\/02<\/strong><\/p>\n\n\n\n<figure class=\"wp-block-table\"><table class=\"has-fixed-layout\"><tbody><tr><td><strong>Alunos(as)<\/strong><\/td><td><strong>Orientador(a)<\/strong><\/td><td><strong>T\u00edtulo<\/strong><\/td><\/tr><tr><td>Ana Paula Rodrigues da Rocha<\/td><td>Profa. Dra. Verlani Timm Hinz<\/td><td><a href=\"https:\/\/ctds.cavg.ifsul.edu.br\/wp-content\/uploads\/2025\/03\/ArtViva-Pelotas.docx-2.pdf\" target=\"_blank\" rel=\"noreferrer noopener\">Sistema para Gerenciamento de Eventos: ArtViva Pelotas<\/a><\/td><\/tr><tr><td>Leonardo Tejada Schaun<br><br>Ellen Farias Gouv\u00eaa<\/td><td>Profa. Dra.  Andr\u00e9ia Sias Rodrigues<\/td><td><a href=\"https:\/\/ctds.cavg.ifsul.edu.br\/wp-content\/uploads\/2025\/03\/Projeto-Sistema-de-Gerenciamento-de-Garagem-Embrapa3.pdf\" target=\"_blank\" rel=\"noreferrer noopener\">GGE-CT: SISTEMA DE GERENCIAMENTO DE<br>GARAGEM E EMISS\u00d5ES DE CARBONO PARA A EMBRAPA &#8211; CLIMA TEMPERADO<\/a><\/td><\/tr><tr><td>Bianca Maria Silva dos Santos<br><br>Lucas Gabriel Teles Martins<\/td><td>Prof. Dr. Fernando Augusto<br>Treptow Brod<\/td><td><a href=\"https:\/\/ctds.cavg.ifsul.edu.br\/wp-content\/uploads\/2025\/03\/TCC-Bia-e-Lucas.docx.pdf\" target=\"_blank\" rel=\"noreferrer noopener\">HEST\u00cdGIA: UM SISTEMA DE CONTROLE DE PRESCRI\u00c7\u00d5ES PARA O ASILO DE<br>MENDIGOS DE PELOTAS<\/a><\/td><\/tr><tr><td>Bruno de Lima e Silva<br><br>Marcos Andrei Pinheiro Dutra<\/td><td>Prof. Dr. Fernando Augusto Treptow Brod<\/td><td><a href=\"https:\/\/ctds.cavg.ifsul.edu.br\/wp-content\/uploads\/2025\/03\/TCCPeggy_VersaoFinal.docx.pdf\" target=\"_blank\" rel=\"noreferrer noopener\">Sistema Peggy: Gest\u00e3o de Rotas e Otimiza\u00e7\u00e3o de Transporte de Cooperativas Estudantis<\/a><\/td><\/tr><tr><td>Samir Saleh Godinho<\/td><td>Profa. Dra. Maria Isabel Giusti Moreira<\/td><td><a href=\"https:\/\/ctds.cavg.ifsul.edu.br\/wp-content\/uploads\/2025\/03\/TCC_Samir_pos.pdf\" target=\"_blank\" rel=\"noreferrer noopener\">GEISTREICH: UMA PLATAFORMA DE ENSINO DEDICADA \u00c0  GERA\u00c7\u00c3O DE EXERC\u00cdCIOS PARA A DISCIPLINA DE MATEM\u00c1TICA<\/a><\/td><\/tr><tr><td>\u00c9ric Rodrigues Crizel<br><br>Antony Dias de Oliveira<\/td><td>Profa. Dra.  Andr\u00e9ia Sias Rodrigues<\/td><td><a href=\"https:\/\/ctds.cavg.ifsul.edu.br\/wp-content\/uploads\/2025\/03\/Projeto-Lost-Fortune.pdf\" target=\"_blank\" rel=\"noreferrer noopener\">PROJETO DO SISTEMA LOST FORTUNE<\/a><\/td><\/tr><tr><td>Emerson Brahm da Silva<\/td><td>Profa. Dra. Maria Isabel Giusti Moreira<\/td><td><a href=\"https:\/\/ctds.cavg.ifsul.edu.br\/wp-content\/uploads\/2025\/03\/TCC-Emerson-Brahm.pdf\" target=\"_blank\" rel=\"noreferrer noopener\">LOG.IK \u2013 FACILITANDO A APRENDIZAGEM DE CONCEITOS DE L\u00d3GICA DE PROGRAMA\u00c7\u00c3O PARA INICIANTES<\/a><\/td><\/tr><tr><td>Jean Caram\u00e3o de Mattos<\/td><td>Prof. Dr. Jo\u00e3o Ladislau Barbar\u00e1 Lopes<\/td><td><a href=\"https:\/\/ctds.cavg.ifsul.edu.br\/wp-content\/uploads\/2025\/03\/JEAN-TCC-2-1.pdf\" target=\"_blank\" rel=\"noreferrer noopener\">AGRUPA: UM SISTEMA DE ACESSO A COMPRA DE INSUMOS PARA PEQUENOS E M\u00c9DIOS PRODUTORES RURAIS<\/a><\/td><\/tr><tr><td>Julia da Silva Duarte<br><br>Louise Kohls Vahal<\/td><td>Profa. Dra. Verlani Timm Hinz<br><br>Profa. Dra. Maria Isabel Giusti Moreira<br><\/td><td><a href=\"https:\/\/ctds.cavg.ifsul.edu.br\/wp-content\/uploads\/2025\/03\/SDR-CAVG.docx.pdf\" target=\"_blank\" rel=\"noreferrer noopener\">SISTEMA PARA CONCILIA\u00c7\u00c3O NO DESFAZIMENTO E RECOLHIMENTO DE BENS INSERV\u00cdVEIS DA COORDENADORIA DE TECNOLOGIA DA INFORMA\u00c7\u00c3O DO C\u00c2MPUS CAVG<\/a><\/td><\/tr><tr><td>Maria Eduarda Ventura de Souza<br><br>Rafaela Boldt<\/td><td>Prof. Dr. Jo\u00e3o Ladislau Barbar\u00e1 Lopes<\/td><td><a href=\"https:\/\/ctds.cavg.ifsul.edu.br\/wp-content\/uploads\/2025\/03\/TCC-Mundo-Pet-Alteracoes.pdf\" target=\"_blank\" rel=\"noreferrer noopener\">Mundo Pet: Sistema de Agendamento On-line para Servi\u00e7os em Pet Shop<\/a><\/td><\/tr><tr><td>N\u00edkollas Moralles<br><\/td><td>Prof. Dr. Raymundo Carlos Machado Ferreira Filho<\/td><td><a href=\"https:\/\/ctds.cavg.ifsul.edu.br\/wp-content\/uploads\/2025\/03\/ProgGame.pdf\" target=\"_blank\" rel=\"noreferrer noopener\">PROGGAME: UMA PLATAFORMA GAMIFICADA PARA APRIMORAR HABILIDADES EM PROGRAMA\u00c7\u00c3O<\/a><\/td><\/tr><\/tbody><\/table><\/figure>\n\n\n\n<p><\/p>\n","protected":false},"excerpt":{"rendered":"<p>2024\/02 Alunos(as) Orientador(a) T\u00edtulo Ana Paula Rodrigues da Rocha Profa. Dra. Verlani Timm Hinz Sistema para Gerenciamento de Eventos: ArtViva Pelotas Leonardo Tejada Schaun Ellen Farias Gouv\u00eaa Profa. Dra. Andr\u00e9ia Sias Rodrigues GGE-CT: SISTEMA DE GERENCIAMENTO DEGARAGEM E EMISS\u00d5ES DE CARBONO PARA A EMBRAPA &#8211; CLIMA TEMPERADO Bianca Maria Silva dos Santos Lucas Gabriel Teles [&hellip;]<\/p>\n","protected":false},"author":1,"featured_media":0,"parent":0,"menu_order":0,"comment_status":"closed","ping_status":"closed","template":"","meta":{"_editorskit_title_hidden":false,"_editorskit_reading_time":0,"_editorskit_is_block_options_detached":false,"_editorskit_block_options_position":"{}","footnotes":""},"folder":[],"class_list":["post-211","page","type-page","status-publish","hentry"],"_links":{"self":[{"href":"https:\/\/ctds.cavg.ifsul.edu.br\/index.php\/wp-json\/wp\/v2\/pages\/211","targetHints":{"allow":["GET"]}}],"collection":[{"href":"https:\/\/ctds.cavg.ifsul.edu.br\/index.php\/wp-json\/wp\/v2\/pages"}],"about":[{"href":"https:\/\/ctds.cavg.ifsul.edu.br\/index.php\/wp-json\/wp\/v2\/types\/page"}],"author":[{"embeddable":true,"href":"https:\/\/ctds.cavg.ifsul.edu.br\/index.php\/wp-json\/wp\/v2\/users\/1"}],"replies":[{"embeddable":true,"href":"https:\/\/ctds.cavg.ifsul.edu.br\/index.php\/wp-json\/wp\/v2\/comments?post=211"}],"version-history":[{"count":12,"href":"https:\/\/ctds.cavg.ifsul.edu.br\/index.php\/wp-json\/wp\/v2\/pages\/211\/revisions"}],"predecessor-version":[{"id":237,"href":"https:\/\/ctds.cavg.ifsul.edu.br\/index.php\/wp-json\/wp\/v2\/pages\/211\/revisions\/237"}],"wp:attachment":[{"href":"https:\/\/ctds.cavg.ifsul.edu.br\/index.php\/wp-json\/wp\/v2\/media?parent=211"}],"wp:term":[{"taxonomy":"folder","embeddable":true,"href":"https:\/\/ctds.cavg.ifsul.edu.br\/index.php\/wp-json\/wp\/v2\/folder?post=211"}],"curies":[{"name":"wp","href":"https:\/\/api.w.org\/{rel}","templated":true}]}}