{"id":108,"date":"2024-08-27T23:02:34","date_gmt":"2024-08-28T02:02:34","guid":{"rendered":"https:\/\/novoctds.cavg.ifsul.edu.br\/?page_id=108"},"modified":"2024-09-06T10:48:40","modified_gmt":"2024-09-06T13:48:40","slug":"2019-02","status":"publish","type":"page","link":"https:\/\/ctds.cavg.ifsul.edu.br\/index.php\/2019-02\/","title":{"rendered":"2019\/02"},"content":{"rendered":"\n<p class=\"has-large-font-size\"><strong>2019\/02<\/strong><\/p>\n\n\n\n<figure class=\"wp-block-table\"><table class=\"has-fixed-layout\"><tbody><tr><td class=\"has-text-align-center\" data-align=\"center\"><strong>Aluno(a)<\/strong><\/td><td class=\"has-text-align-center\" data-align=\"center\"><strong>Orientador(a)<\/strong><\/td><td class=\"has-text-align-center\" data-align=\"center\"><strong>T\u00edtulo<\/strong><\/td><\/tr><tr><td class=\"has-text-align-center\" data-align=\"center\">Aldair Becker Rodrigues<\/td><td class=\"has-text-align-center\" data-align=\"center\">Fl\u00e1via Pereira dos Santos<br>Andr\u00e9ia Sias Rodrigues<\/td><td class=\"has-text-align-center\" data-align=\"center\"><a href=\"https:\/\/ctds.cavg.ifsul.edu.br\/wp-content\/uploads\/2024\/08\/aldair_rodrigues.pdf\" target=\"_blank\" rel=\"noreferrer noopener\">Sistema Web de Delivery para Hamburgueria<\/a><\/td><\/tr><tr><td class=\"has-text-align-center\" data-align=\"center\">Bruna Witte Antunes<\/td><td class=\"has-text-align-center\" data-align=\"center\">Verlani Timm Hinz<\/td><td class=\"has-text-align-center\" data-align=\"center\"><a href=\"https:\/\/ctds.cavg.ifsul.edu.br\/wp-content\/uploads\/2024\/08\/bruna_antunes.pdf\" target=\"_blank\" rel=\"noreferrer noopener\">Sistema de Gerenciamento para Brech\u00f3<\/a><\/td><\/tr><tr><td class=\"has-text-align-center\" data-align=\"center\">Bruno Falc\u00e3o Tessmer<\/td><td class=\"has-text-align-center\" data-align=\"center\">Verlani Timm Hinz<\/td><td class=\"has-text-align-center\" data-align=\"center\"><a href=\"https:\/\/ctds.cavg.ifsul.edu.br\/wp-content\/uploads\/2024\/08\/bruno_tessmer.pdf\" target=\"_blank\" rel=\"noreferrer noopener\">Sistema de Gerenciamento para Est\u00fadio de Pilates<\/a><\/td><\/tr><tr><td class=\"has-text-align-center\" data-align=\"center\">Cael Hartwig da Silva<\/td><td class=\"has-text-align-center\" data-align=\"center\">Fernando Augusto Treptow Brod<\/td><td class=\"has-text-align-center\" data-align=\"center\"><a href=\"https:\/\/ctds.cavg.ifsul.edu.br\/wp-content\/uploads\/2024\/08\/cael_silva.pdf\" target=\"_blank\" rel=\"noreferrer noopener\">Controle de Estoque para o Curso de Viticultura do CaVG<\/a><\/td><\/tr><tr><td class=\"has-text-align-center\" data-align=\"center\">Guilherme Costa da Silva<\/td><td class=\"has-text-align-center\" data-align=\"center\">Verlani Timm Hinz<\/td><td class=\"has-text-align-center\" data-align=\"center\"><a href=\"https:\/\/ctds.cavg.ifsul.edu.br\/wp-content\/uploads\/2024\/08\/guilherme_silva.pdf\" target=\"_blank\" rel=\"noreferrer noopener\">Sistema de Controle de Reserva de Produtos de Inform\u00e1tica<\/a><\/td><\/tr><tr><td class=\"has-text-align-center\" data-align=\"center\">Isa\u00ed Tavares Vieira<\/td><td class=\"has-text-align-center\" data-align=\"center\">Maria Isabel Giusti Moreira<\/td><td class=\"has-text-align-center\" data-align=\"center\"><a href=\"https:\/\/ctds.cavg.ifsul.edu.br\/wp-content\/uploads\/2024\/08\/isai_vieira.pdf\" target=\"_blank\" rel=\"noreferrer noopener\">Sistema Gerenciador de Atividades Complementares para os Cursos Superiores do CaVG<\/a><\/td><\/tr><tr><td class=\"has-text-align-center\" data-align=\"center\">Lennon dos Santos Reichow Bandeira<\/td><td class=\"has-text-align-center\" data-align=\"center\">Fernando Augusto Treptow Brod<\/td><td class=\"has-text-align-center\" data-align=\"center\"><a href=\"https:\/\/ctds.cavg.ifsul.edu.br\/wp-content\/uploads\/2024\/08\/lennon_bandeira.pdf\" target=\"_blank\" rel=\"noreferrer noopener\">Controle de Estoque da LRM Danfer<\/a><\/td><\/tr><tr><td class=\"has-text-align-center\" data-align=\"center\">Michel de Quadros Kr\u00fcger<\/td><td class=\"has-text-align-center\" data-align=\"center\">Maria Isabel Giusti Moreira<\/td><td class=\"has-text-align-center\" data-align=\"center\"><a href=\"https:\/\/ctds.cavg.ifsul.edu.br\/wp-content\/uploads\/2024\/08\/michel_kruger.pdf\" target=\"_blank\" rel=\"noreferrer noopener\">Software para o Controle de Atividades F\u00edsica Orientadas por um Personal Trainer<\/a><\/td><\/tr><tr><td class=\"has-text-align-center\" data-align=\"center\">Ricardo Radmann Contreira<\/td><td class=\"has-text-align-center\" data-align=\"center\">Jo\u00e3o Ladislau Barbar\u00e1 Lopes<\/td><td class=\"has-text-align-center\" data-align=\"center\"><a href=\"https:\/\/ctds.cavg.ifsul.edu.br\/wp-content\/uploads\/2024\/08\/ricardo_contreira.pdf\" target=\"_blank\" rel=\"noreferrer noopener\">Busca Barato<\/a><\/td><\/tr><tr><td class=\"has-text-align-center\" data-align=\"center\">Wesley Marques Gon\u00e7alves<\/td><td class=\"has-text-align-center\" data-align=\"center\">Fl\u00e1via Pereira dos Santos<br>Andr\u00e9ia Sias Rodrigues<\/td><td class=\"has-text-align-center\" data-align=\"center\"><a href=\"https:\/\/ctds.cavg.ifsul.edu.br\/wp-content\/uploads\/2024\/08\/wesley_goncalves.pdf\" target=\"_blank\" rel=\"noreferrer noopener\">Sistema de Gerenciamento de Reservas do Black Bison<\/a><\/td><\/tr><\/tbody><\/table><\/figure>\n\n\n\n<p><\/p>\n","protected":false},"excerpt":{"rendered":"<p>2019\/02 Aluno(a) Orientador(a) T\u00edtulo Aldair Becker Rodrigues Fl\u00e1via Pereira dos SantosAndr\u00e9ia Sias Rodrigues Sistema Web de Delivery para Hamburgueria Bruna Witte Antunes Verlani Timm Hinz Sistema de Gerenciamento para Brech\u00f3 Bruno Falc\u00e3o Tessmer Verlani Timm Hinz Sistema de Gerenciamento para Est\u00fadio de Pilates Cael Hartwig da Silva Fernando Augusto Treptow Brod Controle de Estoque para [&hellip;]<\/p>\n","protected":false},"author":1,"featured_media":0,"parent":0,"menu_order":0,"comment_status":"closed","ping_status":"closed","template":"","meta":{"_editorskit_title_hidden":true,"_editorskit_reading_time":0,"_editorskit_is_block_options_detached":false,"_editorskit_block_options_position":"{}","footnotes":""},"folder":[],"class_list":["post-108","page","type-page","status-publish","hentry"],"_links":{"self":[{"href":"https:\/\/ctds.cavg.ifsul.edu.br\/index.php\/wp-json\/wp\/v2\/pages\/108","targetHints":{"allow":["GET"]}}],"collection":[{"href":"https:\/\/ctds.cavg.ifsul.edu.br\/index.php\/wp-json\/wp\/v2\/pages"}],"about":[{"href":"https:\/\/ctds.cavg.ifsul.edu.br\/index.php\/wp-json\/wp\/v2\/types\/page"}],"author":[{"embeddable":true,"href":"https:\/\/ctds.cavg.ifsul.edu.br\/index.php\/wp-json\/wp\/v2\/users\/1"}],"replies":[{"embeddable":true,"href":"https:\/\/ctds.cavg.ifsul.edu.br\/index.php\/wp-json\/wp\/v2\/comments?post=108"}],"version-history":[{"count":5,"href":"https:\/\/ctds.cavg.ifsul.edu.br\/index.php\/wp-json\/wp\/v2\/pages\/108\/revisions"}],"predecessor-version":[{"id":202,"href":"https:\/\/ctds.cavg.ifsul.edu.br\/index.php\/wp-json\/wp\/v2\/pages\/108\/revisions\/202"}],"wp:attachment":[{"href":"https:\/\/ctds.cavg.ifsul.edu.br\/index.php\/wp-json\/wp\/v2\/media?parent=108"}],"wp:term":[{"taxonomy":"folder","embeddable":true,"href":"https:\/\/ctds.cavg.ifsul.edu.br\/index.php\/wp-json\/wp\/v2\/folder?post=108"}],"curies":[{"name":"wp","href":"https:\/\/api.w.org\/{rel}","templated":true}]}}